
595
What is the remainder when 1216542 is divided by 2335?
7
Calculate the remainder when 3060824 is divided by 1020252.
68
Calculate the remainder when 361349 is divided by 25800.
149
Calculate the remainder when 5815830 is divided by 299.
280
Calculate the remainder when 7594250 is divided by 31381.
48
Calculate the remainder when 12814753 is divided by 136.
17
Calculate the remainder when 26063 is divided by 12789.
485
What is the remainder when 74386119 is divided by 590366?
3
What is the remainder when 4486511 is divided by 2231?
2201
Calculate the remainder when 127320 is divided by 8487.
15
What is the remainder when 118445 is divided by 132?
41
What is the remainder when 1323416 is divided by 305?
21
What is the remainder when 20787306 is divided by 73?
45
What is the remainder when 1534399 is divided by 1534130?
269
Calculate the remainder when 6863014 is divided by 276.
274
What is the remainder when 41414191 is divided by 485?
41
Calculate the remainder when 1429677 is divided by 2072.
2069
What is the remainder when 520823 is divided by 520338?
485
Calculate the remainder when 13942529 is divided by 315.
314
Calculate the remainder when 18051866 is divided by 3351.
29
What is the remainder when 2279208 is divided by 759733?
9
What is the remainder when 232021 is divided by 1022?
27
What is the remainder when 4847002 is divided by 47990?
12
What is the remainder when 7755534 is divided by 276983?
10
Calculate the remainder when 84901468 is divided by 33.
25
Calculate the remainder when 557451 is divided by 1852.
1851
Calculate the remainder when 1184750 is divided by 107.
46
What is the remainder when 5042909 is divided by 1260726?
5
Calculate the remainder when 10561011 is divided by 5.
1
What is the remainder when 15934213 is divided by 39?
22
What is the remainder when 331723408 is divided by 1197?
1192
What is the remainder when 7064267 is divided by 2053?
1947
Calculate the remainder when 27140684 is divided by 1970.
1964
What is the remainder when 4231783678 is divided by 1920?
1918
What is the remainder when 364601 is divided by 121484?
149
What is the remainder when 235477 is divided by 58125?
2977
What is the remainder when 2207092 is divided by 15993?
58
Calculate the remainder when 663338 is divided by 82893.
194
Calculate the remainder when 2185530 is divided by 4371.
30
Calculate the remainder when 257317 is divided by 1407.
1243
Calculate the remainder when 19107822 is divided by 532.
510
What is the remainder when 18686 is divided by 171?
47
Calculate the remainder when 8921227 is divided by 2284.
2207
Calculate the remainder when 76425 is divided by 1505.
1175
What is the remainder when 7142470 is divided by 52518?
22
Calculate the remainder when 2867866 is divided by 1476.
1474
Calculate the remainder when 709537 is divided by 31.
9
What is the remainder when 1083187 is divided by 20830?
27
What is the remainder when 9102541 is divided by 144?
13
Calculate the remainder when 542508 is divided by 2934.
2652
Calculate the remainder when 455910 is divided by 2747.
2655
Calculate the remainder when 55308431 is divided by 16.
15
What is the remainder when 100225045 is divided by 616?
613
What is the remainder when 225624859 is divided by 231?
229
What is the remainder when 20457546 is divided by 329?
326
What is the remainder when 2875369 is divided by 3481?
63
What is the remainder when 2626599 is divided by 2626592?
7
What is the remainder when 12249 is divided by 11950?
299
Calculate the remainder when 880666 is divided by 1055.
796
Calculate the remainder when 84240184 is divided by 2564.
2528
What is the remainder when 252630 is divided by 11671?
7539
Calculate the remainder when 459231 is divided by 2736.
2319
Calculate the remainder when 671017 is divided by 134168.
177
Calculate the remainder when 19616554 is divided by 354.
352
Calculate the remainder when 82363 is divided by 11109.
4600
What is the remainder when 271397 is divided by 963?
794
Calculate the remainder when 83626 is divided by 13788.
898
What is the remainder when 1022628 is divided by 102246?
168
Calculate the remainder when 20519 is divided by 150.
119
Calculate the remainder when 115710 is divided by 57778.
154
What is the remainder when 24188215 is divided by 3023526?
7
What is the remainder when 586223 is divided by 2281?
6
What is the remainder when 1144341842 is divided by 2881?
2880
What is the remainder when 5257702 is divided by 50554?
86
Calculate the remainder when 11708539 is divided by 177402.
7
Calculate the remainder when 1906718605 is divided by 1244.
1241
What is the remainder when 2925693 is divided by 63599?
139
What is the remainder when 92347 is divided by 63?
52
What is the remainder when 11785880 is divided by 618?
2
What is the remainder when 131779 is divided by 754?
583
What is the remainder when 25863281 is divided by 13598?
13483
What is the remainder when 31362119 is divided by 15681047?
25
What is the remainder when 13240788 is divided by 2206788?
60
Calculate the remainder when 109513 is divided by 109503.
10
Calculate the remainder when 240983 is divided by 2836.
2759
What is the remainder when 2924154 is divided by 1751?
1735
What is the remainder when 4400614 is divided by 2200195?
224
What is the remainder when 9883332 is divided by 10837?
10825
Calculate the remainder when 1484055 is divided by 1484034.
21
Calculate the remainder when 220168 is divided by 45.
28
Calculate the remainder when 24356 is divided by 11071.
2214
Calculate the remainder when 1119802 is divided by 326.
318
What is the remainder when 15825917 is divided by 167?
162
What is the remainder when 365370 is divided by 182617?
136
Calculate the remainder when 34815 is divided by 2386.
1411
What is the remainder when 625342 is divided by 3752?
2510
Calculate the remainder when 5623420 is divided by 25.
20
What is the remainder when 801058 is divided by 266998?
64
Calculate the remainder when 262960 is divided by 102.
4
What is the remainder when 515369 is divided by 460?
169
Calculate the remainder when 55501 is divided by 4132.
1785
Calculate the remainder when 553262 is divided by 10967.
4912
Calculate the remainder when 16379976 is divided by 1771.
1768
Calculate the remainder when 11105861 is divided by 1096.
93
Calculate the remainder when 473177153 is divided by 1331.
1329
Calculate the remainder when 738773 is divided by 35179.
14
Calculate the remainder when 1325610 is divided by 5499.
351
Calculate the remainder when 127086 is divided by 219.
66
What is the remainder when 8123902 is divided by 1376?
1374
Calculate the remainder when 211934 is divided by 42317.
349
What is the remainder when 17780257 is divided by 2963375?
7
Calculate the remainder when 17427 is divided by 3409.
382
What is the remainder when 211735 is divided by 69348?
3691
Calculate the remainder when 27350255 is divided by 6.
5
Calculate the remainder when 332636 is divided by 289.
286
Calculate the remainder when 122943 is divided by 20476.
87
Calculate the remainder when 6871634 is divided by 95.
94
Calculate the remainder when 6412260 is divided by 9213.
12
What is the remainder when 6653306 is divided by 246?
236
Calculate the remainder when 1853355 is divided by 104.
75
What is the remainder when 2054390 is divided by 3048?
38
What is the remainder when 245647600 is divided by 3981?
3976
What is the remainder when 2323734 is divided by 34682?
40
What is the remainder when 51203 is divided by 16825?
728
Calculate the remainder when 5035212 is divided by 7152.
204
Calculate the remainder when 43074566 is divided by 2393031.
8
What is the remainder when 72115756 is divided by 1053?
1051
Calculate the remainder when 46906 is divided by 1320.
706
What is the remainder when 1718396 is divided by 4100?
496
What is the remainder when 5118135 is divided by 2559063?
9
What is the remainder when 34283 is divided by 11125?
908
Calculate the remainder when 401783 is divided by 8636.
4527
What is the remainder when 992776 is divided by 444?
436
Calculate the remainder when 354437 is divided by 1147.
14
What is the remainder when 1703983 is divided by 2855?
2403
Calculate the remainder when 18544154 is divided by 18544146.
8
What is the remainder when 184135263 is divided